tors of v?
2, 5
Suppose -5*h + 225 = -230. Let l = 159 - h. Suppose d = -d + l. What are the prime factors of d?
2, 17
Let m = 516 + -377. What are the prime factors of m?
139
Suppose -2*z = -1475 + 605. What are the prime factors of z?
3, 5, 29
Suppose 1288 = 4*l - 2920. What are the prime factors of l?
2, 263
Let x be 2*2/4 - -201. Let b = x + -129. List the prime factors of b.
73
Suppose t = -k + 5*k - 3, 13 = 4*k + t. Suppose c + 95 = b, k*b - c - 3*c = 186. What are the prime factors of b?
97
Suppose 0 = -5*c + 5*b + 290, 0*b = c - 2*b - 59. List the prime factors of c.
3, 19
List the prime factors of (-124 + -3)/((-6)/18).
3, 127
Suppose 0 = -j - 3*j + 276. Let l be -6 + (-6)/(-1 + -1). List the prime factors of j/(-18)*l*2.
23
Let a(p) = -115*p - 179. What are the prime factors of a(-18)?
31, 61
Suppose 0*q + 9534 = 7*q. List the prime factors of q.
2, 3, 227
Suppose 0 = -8*o + 10*o - 76. Let f = o + 0. What are the prime factors of f?
2, 19
Suppose 2*m - 27 = 5*m. Let a(k) = k**3 + 9*k**2 - 11*k - 6. Let i be a(m). Suppose 57 = 2*c - 5*v, -5*c + v - 5*v = -i. List the prime factors of c.
3, 7
Suppose -20*h + 1046 = -18*h. List the prime factors of h.
523
Let g = 28 + 894. List the prime factors of g.
2, 461
Let g = 41 + -38. What are the prime factors of g/12 + 2/8*359?
2, 3, 5
Suppose 0 = 6*f - 737 - 199. List the prime factors of f.
2, 3, 13
What are the prime factors of (-1)/(-3)*(3 + 6 + 1464)?
491
Let l(s) be the first derivative of -3*s**2/2 + 4*s - 11. Let o be l(0). Suppose -24 = -4*g - 4*f + 60, -f = o*g - 87. What are the prime factors of g?
2, 11
Suppose q - 1664 = -3*q. Suppose -7*i = -116 - q. What are the prime factors of i?
2, 19
Let q(y) = -y**3 - 40*y**2 + 166*y - 73. List the prime factors of q(-46).
4987
Suppose 0 = -4*s + 2842 + 1238. What are the prime factors of s?
2, 3, 5, 17
Let s be (-290)/(-75) - 4/(-30). Let f be (s/(-5))/((-2)/(-10)). List the prime factors of 1/f + (-260)/(-16).
2
Suppose 0 = -4*n + 13*n - 17667. List the prime factors of n.
13, 151
Suppose v = -3*v + 4. List the prime factors of ((-18)/8)/(v/(-88)).
2, 3, 11
Let z(o) = o**2 + 4*o + 9. Let g be z(-6). Let f = 6 - g. What are the prime factors of 3/5 - 141/f?
2, 5
Let w be ((-50)/(-4))/(2/4). Suppose -w*v + 168 = -23*v. What are the prime factors of v?
2, 3, 7
Let d be (-1)/(22/(-6442)) + (-28)/(-154). Suppose -3*m = -4*v - d, 0 = -2*m - 0*v - 2*v + 200. List the prime factors of m.
3, 11
Suppose -2*o + 5*c = -3*o + 569, -o = c - 573. List the prime factors of o.
2, 7, 41
Let h(l) be the third derivative of 11*l**4/24 + 11*l**3/2 + 30*l**2. List the prime factors of h(11).
2, 7, 11
Let r be 2/(((-35)/(-14))/(-2 + 7)). Suppose 0 = r*b + 2*w - 522, 5*w + 423 + 237 = 5*b. List the prime factors of b.
131
Let r(w) = -59*w - 76. List the prime factors of r(-15).
809
Suppose 6*s - 3374 = 322. List the prime factors of s.
2, 7, 11
Let p = 22 + -10. Suppose -10*k = -p*k + 136. List the prime factors of k.
2, 17
Let d(v) = 50*v + 8. Let w be d(-2). Let b = w + 160. What are the prime factors of b?
2, 17
Suppose 0 = 6*j - 5*j - 3248. Suppose 10*h = -6*h + j. List the prime factors of h.
7, 29
Suppose -3*l - 5*w = -4949, 2*l = 5*w + 752 + 2514. List the prime factors of l.
31, 53
Let s = 2645 - 1695. What are the prime factors of s?
2, 5, 19
List the prime factors of 3/6*(-3)/((-9)/12).
2
Let w(j) = -j**2 - 3*j + 3. Let r be w(-2). Suppose 3*m - 20 = -r*l, 5*l + 45 + 5 = 4*m. List the prime factors of m.
2, 5
Let r be 4/(-16) - (-51)/12. Suppose -h - 4*g + 60 = 0, -2 = r*g - 6. What are the prime factors of h?
2, 7
Suppose 83503 + 75266 = 69*f. List the prime factors of f.
3, 13, 59
Suppose -107*f + 4543 = -100*f. List the prime factors of f.
11, 59
Let y(c) be the third derivative of c**4/24 + 4*c**3 - 7*c**2. Let p be (72/32)/((-3)/8). What are the prime factors of y(p)?
2, 3
Suppose -25 = 5*k, 3*k + 2467 + 1496 = 3*n. List the prime factors of n.
2, 7, 47
Suppose 0 = 14*m + 2522 - 13162. What are the prime factors of m?
2, 5, 19
Suppose 5*l + 17 + 7 = -3*y, -40 = 5*y + 5*l. Let s = 53 - y. What are the prime factors of s?
61
Suppose -q - 4*d = 10, 2*d = q - 18 - 2. Suppose 2*m + 3*c = q, -5*m - 4*c = c - 20. Suppose 5*x = 5*v + 145, v - 17 = -x - m*v. List the prime factors of x.
2, 13
Let t = -21 - -26. Suppose 3*k - 4 = 8, -4*k + 61 = -t*v. List the prime factors of (-424)/(-10) + v/(-15).
43
Let u(s) = 7*s - 1. Let r be u(1). Suppose 30 = -4*t + r. What are the prime factors of (t/(-4))/((-1)/(-18))?
3
Suppose -11 + 2 = 3*u - m, 0 = 3*u + 2*m + 9. List the prime factors of 61*(4 + u) + 3.
2
Suppose 0 = -2*f + 2*t + 64, -2*f + 4*f + t - 49 = 0. Let i = f - 22. Suppose 0 = -9*m + i*m + 84. List the prime factors of m.
3, 7
Let c(b) = 12*b**2 - 28*b - 14. What are the prime factors of c(9)?
2, 353
Suppose 12*h - 7*h = 10. Suppose 5*g + 2*p - 70 = 0, 2*p + 4 = 2*g - h*p. Suppose -2*k = -g - 28. List the prime factors of k.
2, 5
Let x(s) = -20*s + 4. Suppose -4 = -2*f - 8. Let c be (-8)/4 - (2 + f). What are the prime factors of x(c)?
2, 11
Let v(d) = 280*d + 66. What are the prime factors of v(16)?
2, 2273
Let m = 55 - 45. Let z(u) be the third derivative of u**6/120 - 3*u**5/20 - 3*u**4/8 + 3*u**3/2 - 2*u**2. What are the prime factors of z(m)?
19
Let k(x) = 20*x**2 + 2*x. Let a be k(-2). Let u be 1/((-148)/a + 2). Suppose 0 = 3*f - 4*t - 89, -f + u = -5*t + t. List the prime factors of f.
5, 7
Let r = -26 + 30. Suppose r*p = 5*p - 5*n - 132, 0 = -3*p + 3*n + 348. Suppose 3*d = -8*s + 3*s + p, -3*s - 2*d + 68 = 0. What are the prime factors of s?
2, 5
Let d = -5189 - -8767. What are the prime factors of d?
2, 1789
Suppose 3*r + 5 = -2*n - 0, -3*r - 8 = 5*n. Let a = n - -3. Suppose -b + 14 = -4*h, a*b - 116 = -2*b - 4*h. List the prime factors of b.
2, 13
Suppose 18*t - 13*t = 2975. What are the prime factors of t?
5, 7, 17
Let h(i) be the third derivative of -i**6/30 + i**5/60 + i**3/3 - 6*i**2. What are the prime factors of h(-2)?
2, 19
Let v = -75 + 55. List the prime factors of (-94)/((-5)/2*(-16)/v).
47
Let t be (41 + -4)*7/((-7)/(-4)). Suppose -5*g + t + 802 = 0. What are the prime factors of g?
2, 5, 19
Suppose -4*b - 5*y - 4 = 8, 3*y = 2*b - 16. Suppose 2*g + b*g = t - 34, 3*t + 2*g = 158. List the prime factors of t.
2, 5
Let j(v) = 2*v**2 + 8*v - 5. Let c be (3 - (-60)/(-8))/(3/(-4)). List the prime factors of j(c).
5, 23
Suppose 0*s = -4*s. Suppose s = -3*y + 5 - 2. What are the prime factors of -2*(y + 50/(-4))?
23
Let s(x) = -x**3 - 10*x**2 - 5*x - 5. What are the prime factors of s(-10)?
3, 5
Let r(g) = g**3 + 10*g**2 + 10*g + 9. Let u be r(-9). Suppose -11*a + 18*a - 252 = u. What are the prime factors of a?
2, 3
Suppose 1063 = 3*f - 2*f. List the prime factors of f.
1063
Let t(n) = 7*n**3 + 10*n**2 - 47*n + 6. List the prime factors of t(7).
2, 3, 107
Let c(h) = h**2 + 3*h - 4. Let u(o) = -o**3 + o - 4. Let v be u(0). Let q be c(v). Suppose q = -f - f + 18. List the prime factors of f.
3
Let a(n) = n**3 + 9*n**2 + n + 33. Let w be a(-10). Let m = -83 + -51. Let b = w - m. What are the prime factors of b?
3, 19
Let w be (-6)/4*(-308)/42. List the prime factors of 317/w - 16/(-88).
29
Let l(a) = a**3 + 7*a**2 + 6*a - 2. Let q(k) = 4 + 1 + 1 - k. Let n be q(11). What are the prime factors of l(n)?
2, 3
What are the prime factors of (-18)/33 + 212635/473?
449
Let v(j) = -j**3 - j**2 + j. Let s(r) = 6*r**3 + 20*r**2 - 7*r - 32. Let x(w) = -s(w) - 5*v(w). List the prime factors of x(-15).
2
Let o = 22 + -40. Let p be (-357)/(-27) + 4/o. Let v(s) = s**2 - 10*s - 14. List the prime factors of v(p).
5
Let s = -115 - -199. Let k be s + 3 + 0 + 2. Suppose -5 = -2*y + y + 5*o, k = 4*y + 3*o. List the prime factors of y.
2, 5
Suppose -5*w = -2*w + 51. Suppose -3*o - 26 = -2*o. Let t = w - o. What are the prime factors of t?
3
Let z be (28/(-98))/(2/(-14)). Suppose -d + 245 = z*d - 5*o, d + 2*o - 78 = 0. List the prime factors of d.
2, 5
Suppose -2*r + 48 - 639 = -b, 4*r - 2364 = -4*b. List the prime factors of b.
3, 197
Let m(p) = -p + 15. Suppose -5*t - 2*t = 98. What are the prime factors of m(t)?
29
Let r be (-770)/8 + 2/8. Let o(g) = 8*g - 2. Let j be o(-2). List the prime factors of (-18)/(-4)*r/j.
2, 3
List the prime factors of (-1)/((-